 - (-2 + -1 + 4 + -4 - (-53 - -52)).
-18
Calculate -35 + 34 + -9 - 4 - 20.
-34
22 + 33 - 4 - 21
30
What is the value of 8 + (68 - (23 - (8 + -3)))?
58
Evaluate -289 - -271 - (-11 - 0) - -11.
4
71 - 90 - -65 - 32
14
What is (-448 + 461 - (-2 + 21)) + (19 + -2 - -1)?
12
Evaluate -95 + 45 + 27 - -59.
36
Calculate 50 + -82 + -49 - -25.
-56
Calculate 14 - 1 - (25 - (204 + -140)).
52
Calculate (-4 - ((-1 - -5 - (23 + -30)) + -26)) + -1.
10
What is the value of (-19 + 28 + -8 - 9) + 72?
64
Evaluate -8 + 1 + 0 - (-79 - -78) - (121 + -86).
-41
Evaluate -7 - (-57 + -1 + 66 + -55 + 11).
29
What is the value of -18 + 36 + -22 + 15 + 62?
73
Evaluate -7 + -22 - (-65 + 45).
-9
Calculate 45 + -114 + -23 + 76.
-16
What is the value of -8 - (70 - 20) - 18?
-76
1 + -14 + (12 - (-35 - -35)) + -6 + 89
82
Evaluate (37 - (9 - (19 - (1 + -1)))) + -2 + -9.
36
Evaluate (-19 - (-31 + 21)) + (-18 - (4 + -6 + -5)).
-20
What is the value of -13 - -10 - 153 - (6 + 2 + -16 + 6)?
-154
Evaluate -63 - -16 - (-5 + -23).
-19
What is the value of -561 - -609 - ((-5 - -7) + (-3 - -19))?
30
What is (8881 - 8808) + (25 - 2) + -2?
94
What is (-31 - -15 - -9) + -9 - -43?
27
347 + -182 - (-2 + 95)
72
Evaluate (0 - 16) + (32 - ((-31 - -4) + 14 + 35)).
-6
Evaluate (-16 - -1) + (290 - 302) + 31.
4
-13 + (-94 - -79 - (-8 + 5 - -6))
-31
5 + 4 - -9 - (-17 - -20)
15
(-2 + -30 - -11 - -33) + (-1 - 43)
-32
Calculate 15 + 20 + (-8 - (6 + 7)).
14
What is -3 - 1 - (-12 + (-12 - -38))?
-18
Calculate -20 + -29 + 106 - 9.
48
What is the value of (-1 - 2 - (-236 - -241 - (-25 - -1))) + -1?
-33
Evaluate 17 + (8 - 16 - -9) + 22.
40
-386 + 436 + -8 + -5 + -46
-9
What is 0 - -27 - (329 + -537 - -113)?
122
Calculate -4 + -35 + 15 - (5 - -6).
-35
What is the value of 3 + 52 + -37 + (0 - -22)?
40
-8 - (68 + 32 - 42)
-66
Calculate (-84 - 1) + (-113 - -128 - (3 - 0 - -25)).
-98
What is the value of -616 + 626 - (10 + -11 + -64)?
75
What is the value of 5 - (21 + 6 + 49)?
-71
-39 + 67 + (-6 - -9 - 12)
19
What is the value of 14 + -4 + ((22 - 23) + -3 - -15)?
21
Calculate 2 + -17 + 4 + -1 + 26 - 71.
-57
What is the value of (-7 - (2 - 4)) + -33 + 36 + 119 + -55?
62
6 + (1 + (-4 - 1) - 1) - 20
-19
What is the value of (-29 + 1 - -9) + (-4 - -54)?
31
Evaluate 35 + -1 + ((-7 - -3) + -21 - (-128 - -111)).
26
(24 - (10 + -26 + 11)) + (14 - (4 + 13))
26
Evaluate (114 - 362 - -258) + (-39 - 0).
-29
What is the value of -5 - ((23 - 42) + 40) - (7 - -7)?
-40
What is 9 - 10 - (-9 - (-17 + -5))?
-14
What is the value of (37 - (3 - (-20 - (17 + -22)))) + 2?
21
What is the value of -58 + 2 + 2 + -2 + (-24 - (-27 + 12))?
-65
Evaluate (6 - (-42 - -33)) + 5 + 2.
22
What is the value of 121 - 103 - (56 - (-5 - -4))?
-39
Calculate (45 - 48) + -19 + 53.
31
What is the value of -10 - (-26 + 125 + 30)?
-139
12 + ((-79 - -47) + 28 - (-24 - -3))
29
(37 - ((-23 - -50) + 11)) + 8 + -1
6
Calculate (-18 - -13 - -40) + -2.
33
What is the value of (96 - (-40 + 2)) + -112?
22
Evaluate (-9 - -82) + (-17 - ((-8 - -9 - -1) + -6)).
60
Calculate 5068 + -5083 - (-2 - 96).
83
What is 138 + -95 - (-3 + 25)?
21
What is -25 - -13 - -29 - (34 - 2)?
-15
What is the value of -17 + (-14 + (12 - -4) - 1)?
-16
Evaluate 49 + (0 - -1) - (2 + -27 + 45 + -11).
41
What is the value of -1 + 2 - (34 + -106 + 69)?
4
What is 2 + 2 + -3 - 2 - (12832 + -12749)?
-84
-3 + (-9 + 2 - (616 - 582))
-44
(4 - 34 - (43 + -141)) + 16
84
Evaluate (-12 - (-6 + -6 + (-46 - -41))) + -108.
-103
What is the value of (11 - (-23 + 12)) + -7 - 18?
-3
(8 - (-2 + 3) - 0) + (-12 - (-47 - 3))
45
What is 10 + -8 + -10 - (1 - -4)?
-13
-136 - -77 - (-32 - -3)
-30
Calculate 0 + -6 - ((-35 - 13 - 0) + 15).
27
What is the value of (14 - 1) + (-98 - (72 - 107))?
-50
What is the value of 13 + (-63 - (63 + -67) - (3 - -9))?
-58
(-594 + 282 - -320) + (-1 - ((115 - 0) + -1))
-107
What is the value of 12 + (32 - 2) - (-1 + 2) - 10?
31
What is 0 - (-17 + 30) - (-100 - -41)?
46
7 + -9 + -10 + -9 + -79 - (-21 + 19)
-98
Evaluate -63 - -96 - ((-4 - -7) + 133).
-103
Evaluate 62 - (56 - (-33 - -10)).
-17
What is (20 - 3) + -2 + 59 + -68?
6
Calculate -5 - (-9 + -4) - 4 - (-1 - (52 + -4)).
53
What is 92 - ((-30 - -8 - -5) + 30)?
79
(-26 - (-51 + 52)) + 35
8
Calculate 9 + 122 - (-147 + 208).
70
What is 4 - (2 - 4) - (23 - 5)?
-12
What is (-11 - (-8 + 2) - 0) + 76 + -95?
-24
(0 - 1) + (-2 - 0 - -38) - (-25 - -17)
43
Calculate -15 + -15 + 16 - 12 - 10.
-36
What is -7 + (-6 - (-1 - -1) - (361 - 354))?
-20
What is the value of -33 - -34 - ((16 - 9 - 16) + -40)?
50
Evaluate (3 + 50 + -6 - (20 - 3)) + 16.
46
Calculate 111 - ((-1 - 0) + (-137 - -148) - (17 + -2)).
116
-49 + (27 - (-38 - (-31 - 34)))
-49
Calculate (10 - 5) + (84 - 2) - (26 + -56 + 41).
76
What is 62 + -97 - (3 - (8 - 0) - (-1 + -10))?
-41
What is -91 + (3 - 8) + (36 - -2)?
-58
Calculate -7 + 7 + 13 + -33.
-20
What is 3 - (-17 - (13 + -12) - (-3 + (0 - 6)))?
12
Calculate -205 + (131 - -12 - 8).
-70
(16 - 5 - -51) + 6 + -8 + 3 + 14
77
Calculate -378 + 407 - (-2 - 7).
38
What is the value of 5 + 61 + -34 + -30 + 3 + 24?
29
What is the value of -14 + (0 - -5) + -2 + -4 + -2 + -11?
-28
Calculate -9 - (14 - ((8 - 4) + -1 + -27 + 22)).
-25
Evaluate 7 + 88 + (-14 - (-21 - -15 - -7)).
80
Calculate -13 - (-56 - (-21 - 1 - -6 - -7)).
34
(-3 - (-6 + 4)) + ((-4 - -13) + -1 - 10)
-3
What is the value of (-9 - (10 + -4 + -6)) + 66 + -52?
5
Evaluate 7 + (-2 - 13) - (17 + -9 + 2).
-18
(6 - -1) + (155 - 198)
-36
Evaluate -47 + 21 + -6 + (-10 + 26 - 9) - -6.
-19
What is the value of 169 - (13 + (-39 - -74))?
121
What is 17 - (707 - 619 - (0 + 6))?
-65
Evaluate -4 - -2 - (17 + 26 + 3).
-48
What is (70 - -11) + -117 - -50?
14
-1 + (8 + -1 + -10 - 11 - 0)
-15
What is the value of 171 + -194 + (-1 - -1) - 21?
-44
What is -47 + (38 - -107 - 50)?
48
Calculate (17 - 1) + (-106 - -75) + -71.
-86
What is the value of 10263 + -10362 - (-2 - 1)?
-96
Evaluate 7 - (-35 + 80 - 79).
41
Evaluate (-196 - (85 + -278)) + (5 - 3 - 10).
-11
What is 2 - 29 - (-13 + (5 - -5))?
-24
-8845 + 8816 + (0 - -108)
79
What is the value of 35 - (69 + (28 - (32 - -27)))?
-3
Calculate (94 + -57 - 154) + 9.
-108
What is the value of 19 + (9 + -7 - 38 - -92)?
75
Evaluate -10 + (28 - (-1 + (-7 + 21 - -3) + -6)).
8
Calculate (4 - (-2 + 17)) + (-15 - -11 - -49).
34
84 - (158 - 81) - (-1 - 0)
8
Calculate (8 - -1) + (-26 - (27 - (10 - -7))).
-27
-1 + -26 + 226 + (-27 - 119)
53
Calculate (-1 - 15) + (27 - (21 + 6)).
-16
Calculate (-15 - -1) + 55 + -74 - -5.
-28
Calculate 345 + -596 - (-103 - -5).
-153
Evaluate 3 + -2 + (-69 + 17 + -8 - -11 - -4).
-44
Evaluate (113 - 68) + 98 - 117.
26
Calculate (51 - 5) + (102 - 169).
-21
(-34 - -64) + 5 + 2 + 18
55
Evaluate 4 + (-13 - -29) + -7 + (37 - -1).
51
Evaluate -23 + 2 - (18 - (-26 - 3) - 42).
-26
(-68 - -81) + -14 + (-11 - -1) + -26
-37
What is 66 - (14 + -23 + 0 - (-4 + -11))?
60
Calculate 1 - 17 - (25 + -70 - -102).
-73
76 + -1 + (-2 - -1 - (39 + 22 + -73))
86
Evaluate -1 + 34 - (7 + -9 - -2) - 10.
23
What is the value of 18 - 21 - 2 - -60 - (13 - 3)?
45
What is the value of -6 + 14 + 6 + (-9 - 5 - 16)?
-16
Evaluate 1 - -10 - (-67 + 10).
68
44 + -4 + -34 + 12 + -7
11
What is (21 - 23 - 9) + (8 - (-3 + 38))?
-38
What is -146 + 92 - -64 - 38?
-28
Evaluate (-84 - (8 + 2)) + -8 - (0 + -18).
-84
What is 11 - (40 + -16 + -23)?
10
-6 + (8 - 4 - 9) + (103 - 50)
42
Calculate 12 + (5 - 1) + -46 + (-3 - 11).
-44
Evaluate -107 + 115 + 66 + 14.
88
What is 64 - ((2 - (1 - (10 + 3))) + -13)?
63
What is the value of 17 + -46 + 2 + 39 - (-67 - -2)?
77
What is (-49 + 63 + -32 - (-16 + 0)) + 5 + -14?
-11
(-4 - (-15 - 2) - (0 + 5)) + -8 - -90
90
(-21 - (-3 - 3)) + (-24 + -3 - 15)
-57
What is the value of -12 - 12 - (10 - (12 + -10) - 12)?
-20
Evaluate -8 + 0 - (1392 - 1373).
-27
What is the value of 0 + 0 + 10 + (0 - (8 + -4))?
6
Calculate 101 - (20 - 7 - 21 - -12) - -8.
105
What is the value of 57 - (-4 + (12 - 2) + -13 + -6 + 18)?
52
What is the value of 35 - 46 - 14 - (-5 + -3)?
-17
What is the value of 4 + (1 + 8 - (-3 + 22)) - (38 - 2)?
-42
Calculate (-514 - -498) + (-8 - -83).
59
3 + (-2 - (1 + -5)) + -7 + -48 + 88
38
What is the value of (7 - -3) + 116 + -57 + -61?
8
-19 - (-107 + 46 + 11)
31
What is the value of -61 + 22 + -28 - -20?
-47
-17 + (13 - ((-7 - 16) + 9))
10
What is